t s be (12/(-16))/(v/(-16) - 2). Determine n(s).
-7
Suppose -4*i - 4*y = 572, 5*i + 0*y + 721 = -3*y. Let p = i - -149. Let z(n) = -2*n + 3. What is z(p)?
-3
Let w = -1103/4 - -276. Let x(s) be the first derivative of -w*s**4 - 2 + 5/2*s**2 - 6*s - 4/3*s**3. Give x(-5).
-6
Let i be 3 - 0/(0 - -1). Suppose -2*d + d - 10 = 5*k, 0 = i*k + 6. Suppose d*p = p. Let j(r) = -r**2 + r + 9. What is j(p)?
9
Let f be 8 + -10 - (3 - 4). Let l(m) = 14*m. Calculate l(f).
-14
Let k(g) = -g + 2. Let u = -1560 + 1554. Give k(u).
8
Let h(x) = 2*x. Let w(d) = -6*d + 20. Let n(s) = -5*h(s) - w(s). Calculate n(-6).
4
Let p(a) be the third derivative of -1/60*a**5 + 0*a + 0 + 1/3*a**3 + 0*a**4 + 16*a**2. Give p(4).
-14
Suppose 3*p - 6 - 21 = 0. Let t(f) = f**3 - 11*f**2 + 17*f + 5. Let k be t(p). Let m be (k - (1 - 4)) + 1. Let j(n) = n + 6. Determine j(m).
6
Let g(b) = -2*b + 1. Let c(p) = -4*p + 2. Let l(u) = -6*c(u) + 10*g(u). Suppose j + 0*j + a = 7, 25 = 5*a. Calculate l(j).
6
Let p = 1 + -5. Let n = -20 - -23. Let v(a) = -6*a + 4*a**2 - 8*a**2 + n*a**2 + 1 - 2. What is v(p)?
7
Suppose 0 = 20*g - 16*g - 12. Let n(d) = -4 + d - 10 + g. Give n(6).
-5
Let p(r) be the second derivative of -r**4/24 - r**3/2 + 3*r**2/2 + r. Let l(i) be the first derivative of p(i). Suppose -t = 2*t - 2*t. Determine l(t).
-3
Suppose -15 - 81 = 24*v. Let g(o) = 6*o + 18. Calculate g(v).
-6
Let r(o) = 6*o - 10. Let i(t) = t - 2. Let q(x) = -16*i(x) + 3*r(x). Calculate q(-3).
-4
Let b(h) = 2*h**2 - 8*h - 13. Let a(r) = -5*r**2 + 15*r + 25. Let i(s) = 3*a(s) + 7*b(s). Let u be i(-3). Let z(p) = -p**3 + 8*p**2 + 2*p - 3. Give z(u).
13
Let g be ((-128)/20 - 0) + (-6)/(-15). Let p(f) be the third derivative of 0*f - 1/120*f**6 + 0 + 2/3*f**3 - 1/4*f**4 - 7/60*f**5 + f**2. Calculate p(g).
4
Let a = -6199 + 6195. Let d(m) = 2 + m - 4 + 4. What is d(a)?
-2
Let t(k) = -9*k. Suppose 5*q + m - 16 = 0, 2*m - 2 = 5*q - 15. Suppose -g + 7 = q*x, -x + 13 = 5*g + 3*x. Calculate t(g).
-9
Let t(u) = 6*u + 5*u + 7726 - u**2 - 7742. What is t(9)?
2
Let u(l) = l**3 - 6*l**2 - l - 5. Let d(c) = -c**3 + 6*c**2 + 17*c - 11. Let z(t) = -1. Let w(v) = -d(v) - 3*z(v). Let h be w(8). Determine u(h).
-11
Let w(s) = s - 11. Let a be w(0). Let b(j) = 2*j - 2. Let f = 109 + -113. Let u(n) = -5*n + 6. Let c(r) = a*b(r) + f*u(r). Give c(-2).
2
Let p(t) = -53 + 11*t**2 + 12*t**2 - 18*t - 22*t**2. What is p(21)?
10
Let y(g) = 5*g**2 + 0*g**2 - 12*g + g**3 - 3*g**2 - 16*g**2 + 5 + 5*g**2. Give y(10).
-15
Let o(c) be the first derivative of -7/3*c**3 - 9*c + c**2 + 8 + 1/4*c**4. Give o(7).
5
Let y(o) be the first derivative of -o**2 + 12*o - 133. Let p = 23 + -13. Calculate y(p).
-8
Let a be -3*(-6)/(-27)*-12 + -3. Let z(f) be the third derivative of -1/60*f**5 - 1/2*f**3 + 0*f + 5/24*f**4 + 0 - f**2. Determine z(a).
-3
Let v(r) = -3*r + 5*r - 2*r**2 + 3*r**2 - 3. Let o be -1 - 3 - (-1 - 0). Give v(o).
0
Let d(h) be the third derivative of h**5/60 - 7*h**4/24 - h**3/6 - 2128*h**2. Let m be 0 + 7 - (2 + 0). What is d(m)?
-11
Let i(k) = -33*k + 233. Let j be i(7). Let b(h) be the first derivative of 8*h - 1/2*h**j - 1. Determine b(4).
4
Let b(z) be the first derivative of -z**3/3 - 5*z**2 - 6*z + 48. Determine b(-10).
-6
Suppose -4*s + 10*f = 5*f - 26, -4*s - f + 14 = 0. Let g(m) = 15*m + s - 1 - 6*m - 13*m - m**2. Suppose k + 4*v - 7 = -1, 0 = 2*k + 3*v - 7. Give g(k).
-9
Suppose 0 = -5*w - 25, -9*x + 6*x = -2*w - 16. Suppose 0 = x*l + 8. Let n(t) = -t**3 - 2*t**2 + 4*t - 5. Give n(l).
11
Let v(y) = -y + 1. Let b(o) = -5*o + 42. Let z be b(7). What is v(z)?
-6
Let f(h) = 3*h + 3 - h - h**2 + 3*h + 0*h. Calculate f(4).
7
Let f(s) be the first derivative of -s**2 - 7*s - 3. Let k(u) = -6*u**3 - u**2 + 1. Let d be k(1). Give f(d).
5
Let b(l) = -l + 8. Let c be b(-5). Let p(v) = -2*v + 18. Determine p(c).
-8
Suppose -3*y - 232 = 26*y. Let n(q) = q**3 + 7*q**2 - 9*q - 6. Give n(y).
2
Let b(l) = -l + 4. Let k(x) = -4*x - 21. Let q be k(-7). Calculate b(q).
-3
Let n = 37 - 18. Suppose 5*l + 11 = -n. Let o(d) = -12*d**3 - 12*d**2 - 5*d - 3. Let j(u) = 5*u**3 + 6*u**2 + 2*u + 1. Let w(h) = 5*j(h) + 2*o(h). Give w(l).
-1
Let s be ((-140)/(-6))/((-16)/(-24)). Suppose 19*w - s = 14*w. Let a(d) = d**2 - 6*d - 1. Determine a(w).
6
Let g(y) = 3*y**3 - 3*y**2 - 4*y - 39. Let l(n) = 16*n**3 - 16*n**2 - 20*n - 213. Let i(v) = -11*g(v) + 2*l(v). Let c be 5/(-3) - 2/6. What is i(c)?
7
Let h(u) be the third derivative of u**6/120 + u**5/6 + 5*u**4/8 - 4*u**3/3 + 2*u**2 + 99*u. Give h(-8).
0
Let h(l) = 5*l - 4. Let p be h(-1). Let a = 19 + p. Let s(k) = -k**2 + 9*k + 14. What is s(a)?
4
Suppose 0 = -7*r - 2 + 9. Let f(z) = 0 + 262*z**2 - r - 258*z**2. Calculate f(-1).
3
Suppose 5*c - 76 = c. Suppose -c = -3*j + 41. Suppose 2*k = 4*k + 8, -4*i = -3*k - j. Let w(o) = o**3 - 2*o**2 + 1. Give w(i).
1
Suppose 3*r = 6*r + 3*g - 3, -3*g - 3 = 2*r. Let f(b) = b**2 - 8*b + 6. What is f(r)?
-6
Let a(l) = -5*l + 11. Let v(s) = 17 - 3*s + 6*s - 11 - 11. Let r(w) = -2*a(w) - 5*v(w). Determine r(3).
-12
Let s(o) = o + 1. Suppose -84 = 3*u + 87. Let n = -59 - u. Calculate s(n).
-1
Let q(c) be the second derivative of c**5/10 + c**4/12 - c**3/3 + c**2/2 - 101*c. Give q(-2).
-7
Let m(l) = -l - 1. Suppose 56*t - 55*t - 7 = 0. Give m(t).
-8
Let i(j) = j**3 - j**2 - 6*j - 3. Let t be i(-2). Let o(d) = d**2 + 2*d - 2. Calculate o(t).
1
Let o be 1*((-1)/3 - 300/(-36)). Let i(r) = -r**2 + 7*r + 8. Calculate i(o).
0
Let d(z) = 3*z + 6. Suppose -40*x + 177 + 23 = 0. What is d(x)?
21
Let a(d) be the first derivative of -d**4/4 - 16*d**3/3 - 8*d**2 - 12*d - 35. Let w be a(-15). Let y(c) = -3*c**2 + c**3 - 2 - 2*c + 4 - c. Calculate y(w).
-7
Let w(l) be the first derivative of -l**3/3 - 2*l**2 + 3*l - 4. Let m be -1*(-2)/(-1) + -1. Give w(m).
6
Let v = 4 + 3. Let f = v + -7. Suppose f = 4*n + 5*w + 9, 4*w + w = 15. Let h(p) = -p - 8. Calculate h(n).
-2
Let w(z) be the second derivative of z**5/60 - z**4/24 - z**3/6 - 13*z**2 - 26*z. Let t(v) be the first derivative of w(v). Calculate t(-1).
1
Let t be (-10)/(-15) - (1 - 8/(-3)). Let c(k) = 4*k**2 + 4*k + 1. Determine c(t).
25
Let x(m) = -m**3 - 5*m**2 - 4*m + 1. Let g(q) = -7*q + 21. Let w be g(7). Let a be 6 + 244/w + 2/(-7). Calculate x(a).
-5
Let i(z) be the first derivative of -z**6/120 - z**5/30 - z**4/12 + z**3/3 + 7*z**2 + 21. Let b(p) be the second derivative of i(p). Give b(2).
-18
Let g(f) be the third derivative of -f**4/4 - f**3/6 - 83*f**2. Suppose 0 = 4*h + 20, 5*l - 2*h = -h + 10. Give g(l).
-7
Suppose -45*g + 193 = 72 - 104. Let m(s) be the second derivative of -3*s**2 + 1/3*s**3 - s + 0. What is m(g)?
4
Let k(x) = -3*x + 5. Let g(m) = -m**2 + 10*m. Let u = -10 - -18. Let j be g(u). Suppose 0*v = 4*v + j, 0 = s + 4*v + 12. Determine k(s).
-7
Let t be (3/(-4))/((-3)/12). Let d(y) = 11*y + 29. Let c(n) = 5*n + 12. Let l(v) = -7*c(v) + 3*d(v). Give l(t).
-3
Let q(x) = 21 + 62*x - 44*x - 19*x. What is q(-11)?
32
Let m(p) = p + 6. Suppose 0 = -u + 4*a + 11, 2*a = 4*u + u - 19. Let z = 32 - 35. Let t = u + z. Determine m(t).
6
Let m be 44/6*30/20. Let x(u) = u + 6. Let i(c) = -5*c - 31. Let p(w) = m*x(w) + 2*i(w). Give p(-6).
-2
Let s = -10 - -34. Suppose -5*r + 4*u - 28 = 0, 3*u - s = 4*r - u. Let y(t) = t + 13. Let a(v) = -2*v - 25. Let c(l) = 6*a(l) + 11*y(l). What is c(r)?
-3
Let x = -54 - -55. Let q(c) = -2*c - 15. Let r(t) = -t - 2. Let v(s) = x*q(s) - 6*r(s). Determine v(4).
13
Let m(y) = 2*y - 7. Let u be (2 + 0)*(-14)/4. Calculate m(u).
-21
Let i(x) = x**3 - 4*x**2 - x + 4. Let w(q) = -9*q**2 - 38*q - 5. Let v be w(-4). Calculate i(v).
-8
Let c(b) = 7*b**2 + 5*b - 3. Let n(g) = 2*g**2 + g - 1. Let y(f) = -c(f) + 2*n(f). What is y(2)?
-17
Let l(b) = 5*b**2 - 66*b - 2*b**3 + 64*b + 3*b**3 + 6 - 3*b**2. Let x(m) = -3*m**3 - 3*m**2 + 3*m - 13. Let w(r) = -5*l(r) - 2*x(r). Determine w(3).
-1
Let f be (22/8)/((-2)/8). Let u = f + 1. Let b = u - -8. Let m(g) = g**2 + g + 1. What is m(b)?
3
Let v(c) = c**2 + c + 10. Let h(a) = -a**3 + 4*a**2 + 2*a - 11. Let f be h(3). Suppose -f*n + 6 = -3*j - 2*n, 2*j + 2*n - 6 = 0. Calculate v(j).
10
Let x(s) = -9*s + 1. Let o(y) = 5*y - 28. Let g be o(6). What is x(g)?
-17
Let g(y) be the third derivative of -y**5/60 - y**4/12 + y**3/2 + 11*y**2. Let m = 4 + -7. Let p be 